 the prime factors of 51758828.
2, 11, 269, 4373
What are the prime factors of 26511881?
11, 61, 39511
What are the prime factors of 21133968?
2, 3, 131, 3361
List the prime factors of 91275991.
263, 347057
List the prime factors of 416807170.
2, 5, 13, 43, 173, 431
What are the prime factors of 816741047?
17, 241, 311, 641
What are the prime factors of 7941953?
809, 9817
List the prime factors of 2715156157.
7, 387879451
What are the prime factors of 1970357399?
19, 23, 479, 9413
List the prime factors of 2512436651.
2512436651
What are the prime factors of 21139443?
3, 13, 180679
What are the prime factors of 11333845?
5, 2266769
List the prime factors of 1265554389.
3, 11, 307, 124919
List the prime factors of 1389439593.
3, 1553, 99409
List the prime factors of 840467660.
2, 5, 19, 31, 71347
What are the prime factors of 43218785?
5, 8643757
What are the prime factors of 2280104452?
2, 229, 2489197
What are the prime factors of 69408832?
2, 29, 37397
List the prime factors of 601819920.
2, 3, 5, 13, 113, 569
What are the prime factors of 955041444?
2, 3, 7, 281, 13487
What are the prime factors of 1496080033?
7, 213725719
List the prime factors of 76200262.
2, 1279, 29789
List the prime factors of 150990088.
2, 31, 608831
What are the prime factors of 54007017?
3, 2459, 7321
List the prime factors of 1398929394.
2, 3, 461, 505759
List the prime factors of 775601902.
2, 9817, 39503
What are the prime factors of 152904309?
3, 139, 366677
List the prime factors of 44597290.
2, 5, 17, 262337
What are the prime factors of 414073444?
2, 79, 1310359
List the prime factors of 2983469153.
7, 426209879
List the prime factors of 94523465.
5, 61, 479, 647
What are the prime factors of 832523535?
3, 5, 6166841
List the prime factors of 159729622.
2, 13, 29, 349, 607
What are the prime factors of 299730011?
7, 859, 7121
List the prime factors of 227007101.
227007101
List the prime factors of 56270263.
7, 8038609
List the prime factors of 294860728.
2, 71, 519121
What are the prime factors of 329544661?
29, 89, 127681
What are the prime factors of 142183608?
2, 3, 7, 23, 31, 1187
What are the prime factors of 3513839829?
3, 523, 2239541
List the prime factors of 49069815.
3, 5, 3271321
What are the prime factors of 310677893?
59, 5265727
What are the prime factors of 43660875?
3, 5, 173, 673
List the prime factors of 18352367.
11, 17, 23, 251
List the prime factors of 1027600859.
4093, 251063
List the prime factors of 312613255.
5, 17, 3677803
What are the prime factors of 5179735153?
29, 131, 1363447
What are the prime factors of 1678160942?
2, 53, 2647, 5981
What are the prime factors of 358570146?
2, 3, 11, 5432881
List the prime factors of 2016510606.
2, 3, 11, 3394799
What are the prime factors of 2555871373?
11, 83, 167, 16763
List the prime factors of 1270421055.
3, 5, 103, 274093
List the prime factors of 2528881522.
2, 1264440761
What are the prime factors of 32575931?
32575931
List the prime factors of 6092382798.
2, 3, 479, 661, 1069
List the prime factors of 378128104.
2, 197, 239929
List the prime factors of 60551513.
11, 257, 21419
List the prime factors of 308238868.
2, 7, 163, 67537
What are the prime factors of 2855540667?
3, 7, 135978127
List the prime factors of 36285007.
11, 23, 143419
What are the prime factors of 925073968?
2, 7, 13, 635353
List the prime factors of 1001778878.
2, 761, 658199
List the prime factors of 622312115.
5, 17, 7321319
What are the prime factors of 1682376402?
2, 3, 7, 40056581
What are the prime factors of 1745221918?
2, 11, 79328269
What are the prime factors of 806610774?
2, 3, 134435129
List the prime factors of 102785634.
2, 3, 7, 116537
List the prime factors of 1585450102.
2, 792725051
What are the prime factors of 14154513?
3, 59, 211, 379
List the prime factors of 422679838.
2, 7, 30191417
What are the prime factors of 74517310?
2, 5, 7, 1064533
What are the prime factors of 572570102?
2, 13, 59, 127, 2939
What are the prime factors of 6955268?
2, 347, 5011
What are the prime factors of 62300084?
2, 7, 11, 67, 3019
What are the prime factors of 52884921?
3, 617, 28571
List the prime factors of 434449694.
2, 7, 41, 756881
What are the prime factors of 5867856960?
2, 3, 5, 7, 373, 2341
What are the prime factors of 23128277?
47, 79, 6229
List the prime factors of 42092887.
263, 160049
What are the prime factors of 343126818?
2, 3, 1109, 17189
What are the prime factors of 115661966?
2, 7, 67, 123307
What are the prime factors of 78952082?
2, 11, 241, 14891
List the prime factors of 21891299.
3631, 6029
List the prime factors of 1574941676.
2, 7, 11, 17, 61, 4931
What are the prime factors of 830230128?
2, 3, 7, 13, 431
What are the prime factors of 12035171?
12035171
List the prime factors of 284310857.
284310857
List the prime factors of 38742234.
2, 3, 89, 72551
List the prime factors of 2044336108.
2, 311, 1643357
What are the prime factors of 25821933?
3, 281, 30631
List the prime factors of 6048137700.
2, 3, 5, 11, 203641
What are the prime factors of 184159569?
3, 11, 5580593
List the prime factors of 447871.
227, 1973
What are the prime factors of 3399727645?
5, 277, 433, 5669
List the prime factors of 118926005.
5, 11, 59, 67, 547
List the prime factors of 102028605.
3, 5, 7, 67, 14503
What are the prime factors of 203623888?
2, 13, 613, 1597
List the prime factors of 22948393.
13, 1039, 1699
What are the prime factors of 60163873?
7, 11, 61, 12809
List the prime factors of 37541052.
2, 3, 241, 4327
What are the prime factors of 4193388777?
3, 29, 48199871
What are the prime factors of 187939339?
7, 26848477
What are the prime factors of 245575118?
2, 31, 3960889
List the prime factors of 8986264.
2, 7, 37, 4337
List the prime factors of 835893191.
7, 119413313
What are the prime factors of 2918817316?
2, 19, 151, 167, 1523
List the prime factors of 243273239.
11, 22115749
What are the prime factors of 1425263083?
421, 3385423
List the prime factors of 141811167.
3, 4783, 9883
What are the prime factors of 1418080581?
3, 797, 65899
List the prime factors of 450400988.
2, 151, 745697
List the prime factors of 26038064.
2, 13, 125183
List the prime factors of 111083529.
3, 3089, 11987
What are the prime factors of 679593449?
679593449
What are the prime factors of 497221559?
17, 29, 1008563
List the prime factors of 929026435.
5, 173, 337, 3187
What are the prime factors of 645573465?
3, 5, 14346077
List the prime factors of 320218018.
2, 17, 9418177
List the prime factors of 1779114646.
2, 1699, 523577
List the prime factors of 164372361.
3, 54790787
What are the prime factors of 17722906?
2, 41, 216133
List the prime factors of 28624924.
2, 7156231
What are the prime factors of 592768486?
2, 296384243
List the prime factors of 378211807.
378211807
List the prime factors of 3083109741.
3, 29, 113, 104537
What are the prime factors of 1135070370?
2, 3, 5, 7, 227, 7937
What are the prime factors of 358481686?
2, 17, 1201, 8779
What are the prime factors of 366463807?
23, 29, 549421
List the prime factors of 1223737917.
3, 101, 4038739
What are the prime factors of 18559909?
18559909
List the prime factors of 3574044670.
2, 5, 7, 151, 179, 1889
What are the prime factors of 2108358185?
5, 947, 445271
List the prime factors of 278630631.
3, 10319653
What are the prime factors of 2796839206?
2, 7, 199774229
What are the prime factors of 72404933?
31, 521, 4483
List the prime factors of 31494152.
2, 3936769
List the prime factors of 52304432.
2, 227, 14401
List the prime factors of 938202222.
2, 3, 17, 89, 103349
What are the prime factors of 336523706?
2, 19, 8855887
What are the prime factors of 407677959?
3, 13, 3484427
List the prime factors of 1092989089.
47, 23255087
What are the prime factors of 614722943?
614722943
List the prime factors of 2565620809.
2565620809
List the prime factors of 2772170383.
2772170383
What are the prime factors of 486039612?
2, 3, 1093, 37057
What are the prime factors of 1485328253?
797, 1863649
List the prime factors of 15825051.
3, 11, 17761
What are the prime factors of 64941946?
2, 32470973
What are the prime factors of 2321887484?
2, 7, 83, 999091
What are the prime factors of 76339739?
7, 19, 101, 5683
What are the prime factors of 169035480?
2, 3, 5, 46